t i = -93 - -97. Suppose -5*w - 5*s - 3 = 37, -i*w + s = 52. Let k be 1 - (5 + -4 + w). Calculate the greatest common divisor of k and 96.
12
Suppose -j = g - 29, g = 5*j - 4*g - 95. Let h = 37411 - 37299. What is the greatest common factor of h and j?
8
Let s be (4 + 10)/((-2)/5). Let c = -36 - s. Let i be -6 + 5 - 67*c. Calculate the greatest common factor of 22 and i.
22
Let d = 34954 - 32251. What is the highest common divisor of d and 34?
17
Let x(p) = -5*p**2 + 25*p + 44. Let w be x(6). Calculate the highest common factor of w and 1617.
7
Let a = -511 + 525. Suppose 1289 = a*s - 13. Calculate the highest common factor of 62 and s.
31
Let o be 1392/9 + 4/(-6). Let s(j) = -j**2 + 39*j + 366. Let y be s(-7). Calculate the highest common divisor of o and y.
22
Suppose -34*b - 1405 + 4009 = -2156. What is the highest common factor of b and 1470?
70
Let y be (-2)/(-8) + 11/4. Suppose 0*t + y*t + 2*i = 86, 135 = 5*t + 5*i. What is the greatest common divisor of 112 and t?
16
Let y be 1 - (158/4)/(10/(-20)). Suppose 92 = 4*c - y. Calculate the greatest common divisor of 86 and c.
43
Suppose 5*w = -3*d - 8 + 2, 8 = -5*w - 4*d. Suppose 13*a - 131 - 64 = w. What is the greatest common divisor of 25 and a?
5
Suppose -76 = x - 9. Let d = -61 - x. Suppose -4*f + d = -f. What is the greatest common factor of 14 and f?
2
Suppose 780*h = 771*h + 126. What is the highest common divisor of h and 154?
14
Suppose -4*f + 3*h + 2*h = -164, 0 = 5*f - 3*h - 205. Let n = -82 + 7. Let v = n - -485. What is the greatest common divisor of v and f?
41
Let l = -12904 - -18948. Calculate the highest common factor of 4 and l.
4
Let p(q) = q**3 - 3 + 10*q**2 + 28 - 18 - 23 - 6*q. Let i be p(-10). What is the highest common factor of i and 110?
22
Suppose -6*z = 3*z - 0*z. Suppose 6*d - 2*d = -z*d. Suppose 7*t - 4*t - 42 = d. What is the highest common factor of 98 and t?
14
Let q be ((-7)/21*3)/(1/(-249)). Let g = -235 + q. Calculate the highest common divisor of g and 98.
14
Suppose q + 5*d = 371, 5*q + 2*d - 512 - 1458 = 0. Suppose 2480*k - 168788 - 53511 = -4059. What is the highest common divisor of q and k?
44
Suppose 1146*a - 1142*a + r - 74322 = 0, -5*a = -4*r - 92913. Calculate the highest common divisor of a and 51.
17
Suppose -8*q - 8 = -96. What is the greatest common divisor of 803 and q?
11
Let n be 994/8 - 48/192. Let q = -13 + n. Calculate the greatest common factor of q and 259.
37
Let s(r) = -3*r**3 + 6*r**2 + 3*r + 2. Let c be s(3). Let k(f) = f**2 + 13*f - 21. Let t be k(c). Calculate the greatest common divisor of 18 and t.
9
Let j(r) = -4*r**2 + 206*r - 46. Let f be j(51). Calculate the highest common factor of f and 28.
28
Suppose -37 = -2*u + 3*q, 4*u - 1340 = -3*q - 1329. What is the greatest common factor of u and 836?
4
Suppose 2*w + 0*o - 22 = 4*o, 0 = 2*o + 8. Suppose 0 = -3*a - 5*v + 913, 656 = w*a + v - 261. What is the highest common factor of a and 18?
18
Suppose -13*j + 15*j - 4 = 0. Suppose 22 = 14*v - 6. Suppose -j*s - 3*o = -78, 2*s = v*o + o + 90. What is the greatest common divisor of 105 and s?
21
Let n be (-1)/6 + (-1113)/18. Let q = n - -62. Suppose q = 2*o + i - 15, -o = 4*o - 4*i - 44. Calculate the highest common divisor of 8 and o.
8
Let w be 230/115*(0 - -34). Calculate the greatest common divisor of 595 and w.
17
Suppose -11*l + 960 = -16*l. Let h = -22 - l. What is the greatest common factor of 10 and h?
10
Suppose 4*w - 57 = -v, 11 = 3*w + 5*v - 53. What is the greatest common factor of w and 13?
13
Let c(a) = a**2 - a + 535. Let z be c(0). Suppose -10*h + 1775 = z. Suppose 3*o - 23 = h. Calculate the highest common factor of o and 49.
49
Let o = 1333 + -952. What is the highest common factor of o and 127?
127
Let h be 4193/(-5) - 28/70. Let n = -798 - h. Calculate the highest common divisor of n and 1271.
41
Let k(d) = d**3 - 7*d**2 + 6*d + 4. Let x be k(6). Let q be 17 + -13 + -2*2. Suppose p - 24 + 8 = q. Calculate the highest common factor of x and p.
4
Let r(w) = 54*w**2 - 18*w**2 + 7*w + w**3 - 22*w**2 - 55. Let l be r(-13). What is the greatest common divisor of 138 and l?
23
Suppose 0 = -59*q + 28*q + 558. Let c = 68 - q. Calculate the greatest common factor of c and 350.
50
Suppose 4*l + 3 = -5*r + 39, 5*l - 8 = 3*r. Suppose 5*d - r*d = 4*i - 394, 3*i - 4*d = 289. Calculate the highest common divisor of 18 and i.
9
Suppose -14*y - 225 = -17*y. Let c(a) = a**3 - 2*a**2 - 3*a - 5. Let n be c(4). What is the greatest common divisor of y and n?
15
Suppose 0 = -18*w - 2*l - 7266 + 18414, 0 = 3*w + 5*l - 1830. Calculate the greatest common factor of w and 180.
20
Let d = -13518 + 13555. Calculate the highest common factor of d and 2812.
37
Suppose -103*b - 678 + 8506 = 0. Suppose -2*c = 2*c - 304. Calculate the highest common factor of b and c.
76
Suppose 5*r - 485 = -15*r + 155. Calculate the highest common factor of r and 7712.
32
Let w = -8062 + 8108. Let r = 30 - 7. Calculate the highest common factor of r and w.
23
Let t be 6/10*40/12. Suppose -2*v - 3*c - 35 = t*c, -5*c = -3*v - 65. Let y = v - -43. What is the highest common divisor of y and 23?
23
Suppose 2*c = 23*c - 4494. Let q = c - 212. Calculate the greatest common divisor of q and 17.
1
Suppose -6*r + 82 = -4*r. Let o(p) = 140*p - 29. Let y be o(0). Let u = y + r. Calculate the highest common factor of u and 12.
12
Let a(j) = j**2 - 10*j - 26 + 7*j - 7. Let m(c) = c**3 - 3*c**2 - 12*c + 4. Let h be m(5). Let n be a(h). What is the greatest common divisor of n and 6?
3
Let h = -53 + 118. Suppose 397*l - 203*l = 198*l - 52. Calculate the highest common divisor of h and l.
13
Let n = -21613 + 24032. What is the greatest common factor of 413 and n?
59
Let o be 12/(-36) + 4/3. Let r be -2 - (o + -4) - (1 + -32). Calculate the highest common factor of 136 and r.
8
Suppose -22*s = 16*s - 12*s - 3536. What is the highest common factor of s and 153?
17
Let b = -8736 + 11508. What is the greatest common divisor of b and 48?
12
Let c = -9448 + 9728. What is the greatest common divisor of 10 and c?
10
Let j be 4342/78 - (-4 - (-66)/18). Suppose 2*q = -0*q + 14. What is the highest common factor of j and q?
7
Suppose 21*y = 2*y + 3971. Let d = -187 + y. What is the greatest common divisor of d and 187?
11
Let u(h) = 3*h + 3 + 3*h - 3*h. Let a be u(4). Let n = 10603 + -10528. What is the highest common factor of n and a?
15
Suppose 6 = -3*a, -1005 = -5*n - a - 4*a. Let i(z) = z**2 + 29*z + 167. Let u be i(-23). What is the highest common factor of n and u?
29
Let u(c) = 7*c + 5*c**2 + 1 + 13*c - 9. Suppose -6*q + 9*q - 4*v + 31 = 0, 3*v - 3 = 0. Let x be u(q). What is the greatest common factor of x and 31?
31
Suppose 0 = -j + 15*j - 700. Suppose 0*l - j = -5*w + l, -3*w + 2*l = -37. What is the highest common factor of 9 and w?
9
Let m = -72 + 91. Let l(d) = 33*d + 34. Let b be l(3). What is the greatest common divisor of m and b?
19
Let m be (6762/70 - -3) + (-8)/(-20). What is the highest common divisor of 1340 and m?
20
Let l = 9 - 9. Suppose 2*f + 8 = l, -5*t + 4*f = 7*f - 708. Calculate the greatest common divisor of 18 and t.
18
Let v be (8 + -9)*(-1 + 2) - 324. Let d be (1 - 82/26) + (-50)/v. Let w be 1*(d + 1) - (-6 + 2). What is the highest common divisor of 6 and w?
3
Suppose 4*b + 3*w - 59277 = 0, b = w + 7744 + 7077. Suppose 24*h = -2*h + b. Calculate the highest common factor of h and 30.
30
Let s be (6/15)/((-1)/(-495)). Let u(a) = -a**3 - 74*a**2 - 213*a + 54. Let r be u(-71). What is the greatest common divisor of s and r?
18
Let p(l) be the second derivative of -l**4/6 - 8*l**3 - 25*l**2/2 - 4*l - 12. Let z be p(-20). Calculate the greatest common factor of 5 and z.
5
Suppose 3*j + 312 = 5*j. Let p = 30241 - 30181. What is the highest common factor of j and p?
12
Suppose 2415 = 5*y + 5*n, 4*y + 5*n = -309 + 2236. Calculate the highest common factor of y and 61.
61
Suppose 0 = -p - 4*b + 68, p - 2*b = -0*b + 68. Let a be 714/4*15/((-45)/(-8)). Calculate the greatest common divisor of a and p.
68
Let i = 13 + -11. Suppose -5*c - o = -i*o - 62, 80 = 5*c + 5*o. Suppose 7*v - 97 = -c. What is the greatest common factor of v and 30?
6
Let c be 3/(-7) + (-16778)/(-14). Suppose f + 0*f = 5*y - c, -3*f = -y + 234. What is the greatest common divisor of 30 